-16 + 87. Calculate the remainder when 208 is divided by j.
66
Let b be (-39)/91 + (-200)/7. Let f = -10 - b. Let l = f - 12. What is the remainder when 16 is divided by l?
2
Let a(l) = -16*l + 2. Let x be a(5). Let h(b) = -b**2 - 11*b - 1. Calculate the remainder when 12/x + (-730)/(-13) is divided by h(-6).
27
Let r(s) be the second derivative of 1/2*s**3 + 2*s - 1/2*s**2 + 0. Calculate the remainder when 8 is divided by r(1).
0
Suppose 528 = 5*m - 122. Suppose 0*c + 2*c - m = 0. What is the remainder when c is divided by 1*1*(-2 - -19)?
14
Let r(x) = -16*x**3 - 2*x**2 - 5*x + 9. Calculate the remainder when r(-4) is divided by 93.
91
Suppose 0 = -5*y - 26 + 136. Suppose 18*s = y*s - 48. Calculate the remainder when 95 is divided by s.
11
Suppose -145 = -212*n + 207*n. Let f = 1 + 0. Suppose r - f = 7. What is the remainder when n is divided by r?
5
Suppose -2*j + 5*r + 18 = 0, -3*r = j + 2*r - 9. Calculate the remainder when 82 is divided by (j/(-15))/(6/(-210)).
19
Suppose 8 - 57 = -i + 2*r, -2*i + r = -95. What is the remainder when 178 is divided by i?
37
Suppose 538 = -11*r + 2617. What is the remainder when r is divided by 24?
21
Let t be -30*(14/(-10) - -1). What is the remainder when 39 is divided by -1*1*(-8 - t)?
19
Let l(h) = h**3 - 11*h**2 - 11*h - 3. What is the remainder when ((-4)/(-5))/((-1)/(-20)) is divided by l(12)?
7
Let v(c) = c**2 - 4*c + 6. Suppose 0 = 4*h - 5*b + 1, 2*h + 0*b = -b + 17. Let k(i) = i**2 - 4*i - 3. What is the remainder when k(h) is divided by v(0)?
3
Suppose 0 = -62*p + 100*p - 190. Suppose -q = 2*q + 78. Calculate the remainder when q*((-2)/(-4) + -1) is divided by p.
3
What is the remainder when 26 is divided by 12/(-21) + 981/63?
11
Suppose 15*r - 16 = 7*r. Let p(x) be the second derivative of 5*x**3 + 3*x**2 - 4*x. Calculate the remainder when p(r) is divided by 23.
20
Let b = 20 - 15. Suppose 0 = 2*c - b - 3. Calculate the remainder when 1/c - 546/(-24) is divided by 6.
5
Let b(z) = 23*z**3. Let o = -20 - -21. What is the remainder when b(o) is divided by -1*2 + 126/9?
11
Let x(a) = 7*a + 5. What is the remainder when (-3)/(-1) - (-1 + 3) - -75 is divided by x(5)?
36
Let f = 4 - 19. Let g = -15 - f. Suppose -l = -g*l - 11. What is the remainder when 43 is divided by l?
10
Suppose -6*z = -4*z - 14. Suppose -4*c + g = -z*c + 84, 4*c - 4*g = 128. What is the remainder when 55 is divided by c?
26
Let t(f) = -f**3 + 10*f**2 - 7*f + 24. Let x be t(8). What is the remainder when 146 is divided by 5/(2/(-14) + x/280)?
21
Let r be (14/(-21))/(0 + (-4)/18). Suppose t - r = 3. Let p(o) = -8*o + 3. Calculate the remainder when p(-3) is divided by t.
3
Let p(m) = m**2 - 32*m + 10. What is the remainder when 168 is divided by p(33)?
39
Let b(r) = r**2 - 2*r + 143. Let o be b(0). Suppose 3*w + n - o = 0, 0*w = 3*w + 2*n - 145. Calculate the remainder when w is divided by (25/2)/(1/2).
22
Let q(y) = -7*y**3 + 16*y**2 + 15*y - 1. Calculate the remainder when q(-1) is divided by 1 + 1*(2 + -1).
1
Let b be (-32)/40*65/(-2). Let n be (-8)/12 - b/(-3). What is the remainder when 4 is divided by (n/(-6))/((-4)/6)?
0
Suppose 0 = -13*s + 1085 - 448. Let g(o) = o + 6. Calculate the remainder when s is divided by g(7).
10
Let r(q) = 4*q**2 + q + 25. What is the remainder when r(-8) is divided by 11?
9
Suppose -l = 3*f - 22, 0 = -3*f - 0*l + 3*l + 30. What is the remainder when -5 + 46/(5 + -3) is divided by f?
2
Let b = 13 + -42. Let d = -27 - b. Suppose -2*w + 21 = r - d*r, 5*w - 50 = 2*r. What is the remainder when 14 is divided by w?
6
Let c = -947 + 986. What is the remainder when 387 is divided by c?
36
Calculate the remainder when -10*((-36)/(-45) + -3) is divided by 15.
7
Let j = 27 + 139. Calculate the remainder when j is divided by 59.
48
Let i(n) = 19*n**2 - n + 18. Calculate the remainder when i(4) is divided by 11.
10
Let o = 272 - 261. Calculate the remainder when o is divided by 4.
3
Suppose -3*d - 6 = 12. Let g(k) = k**3 + 5*k**2 - 11*k - 3. Calculate the remainder when g(d) is divided by 7.
6
Suppose 2*k - 3*k + 2*r = -9, 2*k = -4*r - 6. Suppose 0*m = -k*m - 2*f + 205, 3*f - 273 = -4*m. Calculate the remainder when m is divided by 18.
15
Suppose 2*h = -4*b + 596 - 68, 0 = 5*b + 2*h - 658. What is the remainder when b is divided by 22?
20
Suppose -22*k + 231 = 2*i - 23*k, -k + 471 = 4*i. Calculate the remainder when i is divided by 17.
15
Suppose 0 = 20*t - 173 - 467. What is the remainder when t is divided by 7?
4
Suppose 5*u - 313 = 2*m, -4*u - 5*m = -46 - 211. What is the remainder when u is divided by 33?
30
Let k = 1319 + -1164. Calculate the remainder when k is divided by 63.
29
Suppose 2*w - 472 = 6*u - u, 225 = w + 3*u. What is the remainder when w is divided by 63?
42
Suppose u + 3*u = 348. Suppose 3*p - u = -18. What is the remainder when p is divided by 5?
3
Suppose 0 = s - 2*s + 82. Suppose -223 - s = -5*u. Calculate the remainder when u is divided by 32.
29
Let o(k) = k**3 + k**2 + k + 86. What is the remainder when o(0) is divided by 7 + -9 + 4 - -20?
20
Let c = -1216 + 1328. Calculate the remainder when 1117 is divided by c.
109
Let m(k) = -k**2 - 7*k - 1. Let l be m(-6). Suppose -l*r + 2 = -153. Let n(u) = 2*u**2 + 5*u - 2. Calculate the remainder when n(-7) is divided by r.
30
Let o be (-1558)/57 - 4/6. Calculate the remainder when 139 is divided by -21*(-35)/o*(-4)/3.
34
Suppose 3*j = -18 - 0. Calculate the remainder when (3 - 4 - j)*1 is divided by -2*(0 + (-1)/1).
1
Suppose -5*h + 50 = 5*k, -4*k + 23 = 2*h + 3. What is the remainder when 59 is divided by h?
9
Suppose 2*o + 0*o - 4 = 0, 0 = 3*y + 4*o - 2. Calculate the remainder when 8 is divided by (-15)/y*(-4)/(-6).
3
Suppose g + 1 = -0. Let d be (g + -207)*(-1)/2. Suppose d = 5*i - 26. What is the remainder when 49 is divided by i?
23
Let u be (-2)/(-4) + 18/4. Suppose 0 = 2*w - 2*g - 14, u*g - 4 = -4*w + 60. Calculate the remainder when 53 is divided by w.
9
Let b(f) = -60*f**3 + f**2. Let v be b(-1). Suppose 0 = 5*s + v + 119. Let d = s + 52. Calculate the remainder when 45 is divided by d.
13
Suppose -2*q + q - 11 = 0. Calculate the remainder when 32 is divided by 7/4*(-44)/q.
4
Let a(w) = 2*w**2 + w - 2. Let l be a(-2). Suppose 2*j + 2*j - 92 = -5*f, -3*f = -l*j - 36. Calculate the remainder when 47 is divided by f.
15
Suppose 3*v + 8 = 20. Suppose 3*f + c = 43, -8*f + v*f - 3*c + 49 = 0. Calculate the remainder when 63 is divided by f.
15
Let f be -1 + 2 - (0 + 3). Let a(i) = i**2. What is the remainder when 15 is divided by a(f)?
3
Suppose -4*g - 290 = -310. Let y(k) be the first derivative of -k**2/2 + 1. Calculate the remainder when g is divided by y(-3).
2
Suppose 4*v - 8 = z, -2*z - 7 + 0 = -5*v. Suppose -2*r = -v - 3. What is the remainder when 14/(-2)*2*-1 is divided by r?
2
Let f(v) = -v**3 + 4*v**2 + 5*v - 2. Let b be f(3). Suppose -2 = -3*r + b. Let w = -8 - -11. Calculate the remainder when r is divided by w.
2
Suppose 18*l - 392 = 4*l. Calculate the remainder when (-98)/(-4) + (-42)/l is divided by 5.
3
Let r = 564 - 204. Suppose 6*x + 66 = r. What is the remainder when x is divided by 26?
23
Let y be (-27)/30*-4 + (-2)/(-5). Suppose -20 = -y*w - 0. What is the remainder when 17 is divided by w?
2
Let p be (12/(-4))/(3/12*-3). Suppose 2*h - 2*x + 0*x = 22, 53 = 5*h - p*x. Calculate the remainder when 14 is divided by h.
5
Suppose 0 = 13*v - 1180 - 1732. What is the remainder when v is divided by 38?
34
Let o(p) = 10*p**2 - 11*p - 19. Calculate the remainder when o(-2) is divided by 16.
11
Let i(u) = u**3 - 7*u**2 - 10*u + 20. Let q be i(9). Suppose r - 5*r - 4*t = -q, 2*r - t = 58. What is the remainder when r is divided by 17?
10
Suppose p + 5*p - 12 = 0. Suppose 0 = -p*i - i + 51. Suppose 0 = -g + 3*f - 8 + 23, 0 = -g - f + 3. Calculate the remainder when i is divided by g.
5
Let x(u) = -6*u - 28. Let z be x(-8). Let o = -15 + z. What is the remainder when 59 + (4 - o) + 3 is divided by 32?
29
Let i(u) = -2*u + 13 - 2*u + 7*u + 5. What is the remainder when 15 is divided by i(-4)?
3
Let r(t) = t**2 - 10*t + 19. Let j = -21 + 30. Let o be r(j). What is the remainder when (-2)/o - 2124/(-20) is divided by 36?
34
Suppose -2791*y + 320 = -2787*y. Suppose 5*d = d + 4*v + 40, -3*d + 32 = -5*v. Calculate the remainder w